
Calculate the highest common factor of 35 and 635.
5
Calculate the highest common divisor of 2449 and 248.
31
What is the greatest common divisor of 6314 and 2816?
22
Calculate the highest common divisor of 80 and 28920.
40
Calculate the highest common factor of 36153 and 81.
27
Calculate the greatest common factor of 66794 and 52.
26
Calculate the highest common factor of 399 and 3780.
21
What is the greatest common divisor of 30290 and 2054?
26
What is the highest common factor of 57 and 6017338?
19
Calculate the highest common factor of 138327 and 98.
49
Calculate the highest common factor of 12148705 and 1510.
755
What is the greatest common factor of 52008 and 528?
264
Calculate the highest common factor of 2067940 and 10.
10
What is the greatest common divisor of 1722 and 121524?
246
What is the highest common factor of 11610 and 77830?
430
What is the highest common factor of 130 and 3830?
10
Calculate the highest common divisor of 24970 and 50.
10
Calculate the highest common divisor of 3 and 5824.
1
What is the highest common factor of 91 and 381808?
7
Calculate the greatest common factor of 76764 and 16.
4
Calculate the greatest common factor of 123885 and 21.
3
Calculate the highest common factor of 133 and 146015.
19
Calculate the greatest common divisor of 54168 and 555.
111
Calculate the highest common factor of 1198884 and 24.
12
What is the highest common divisor of 144910 and 26230?
430
What is the highest common divisor of 14 and 39998?
14
Calculate the greatest common factor of 7007 and 28600.
143
Calculate the highest common divisor of 405 and 2195.
5
What is the greatest common divisor of 17005 and 2907?
19
What is the highest common divisor of 56539 and 64813?
1379
What is the highest common divisor of 22438 and 2782?
26
Calculate the highest common divisor of 1611 and 11993.
179
What is the highest common factor of 2405 and 843674?
481
What is the highest common factor of 744288 and 12?
12
What is the greatest common factor of 20130 and 3538?
122
What is the greatest common factor of 410 and 12874?
82
Calculate the greatest common factor of 6925 and 350.
25
What is the greatest common factor of 64607 and 1403?
23
What is the highest common divisor of 430 and 106468?
86
What is the greatest common factor of 6156 and 3249?
171
Calculate the highest common factor of 567 and 873.
9
Calculate the greatest common factor of 7740 and 92340.
180
What is the greatest common factor of 472 and 6313?
59
Calculate the greatest common divisor of 1198 and 359.
1
Calculate the highest common divisor of 2970 and 84.
6
Calculate the greatest common factor of 30 and 541760.
10
What is the highest common factor of 113148 and 112?
28
What is the highest common factor of 496724 and 12?
4
Calculate the greatest common factor of 117 and 21051.
9
Calculate the greatest common factor of 76028 and 83.
83
Calculate the highest common divisor of 100 and 904.
4
What is the highest common factor of 240 and 41310?
30
What is the greatest common factor of 63 and 1784475?
63
What is the highest common divisor of 107 and 659?
1
What is the highest common factor of 1349 and 46505?
71
What is the greatest common factor of 1273 and 25897?
19
What is the highest common divisor of 1970168 and 1?
1
What is the greatest common factor of 18 and 2375094?
6
Calculate the highest common divisor of 2296 and 2149.
7
Calculate the highest common factor of 73455 and 1593.
177
Calculate the greatest common divisor of 12224 and 64.
64
What is the greatest common factor of 14488 and 8?
8
What is the greatest common divisor of 105 and 807765?
105
What is the greatest common divisor of 1998 and 3626?
74
What is the highest common factor of 34788 and 30108?
156
Calculate the highest common divisor of 1021292 and 12121.
391
What is the highest common divisor of 626 and 96091?
313
Calculate the greatest common factor of 5820 and 660.
60
What is the greatest common factor of 61 and 215879?
61
Calculate the greatest common divisor of 6392 and 101708.
188
What is the greatest common divisor of 12528 and 366?
6
What is the greatest common factor of 108325 and 19775?
175
Calculate the highest common factor of 12527 and 18.
1
Calculate the highest common factor of 8 and 392.
8
Calculate the highest common divisor of 41 and 5352140.
41
Calculate the highest common factor of 50712 and 48.
24
What is the greatest common factor of 30345 and 1428?
357
What is the greatest common divisor of 915 and 166713?
183
Calculate the greatest common factor of 866584 and 13086.
1454
Calculate the greatest common factor of 64329 and 6519.
123
What is the highest common divisor of 471 and 472727?
157
What is the greatest common factor of 27405 and 225?
45
What is the highest common factor of 542 and 10027?
271
What is the highest common factor of 220 and 79090?
110
What is the highest common divisor of 260 and 740428?
52
Calculate the highest common divisor of 22240 and 880.
80
Calculate the greatest common divisor of 294 and 389718.
42
What is the greatest common divisor of 39 and 22399?
13
What is the greatest common divisor of 232376 and 992?
248
What is the greatest common factor of 21368 and 8?
8
Calculate the highest common divisor of 51480 and 29160.
360
Calculate the highest common divisor of 532 and 151354.
266
Calculate the greatest common factor of 339 and 3745837.
113
Calculate the greatest common divisor of 1788 and 321393.
447
Calculate the greatest common divisor of 10 and 95915.
5
What is the greatest common factor of 68 and 145503?
17
What is the greatest common divisor of 32095 and 17395?
245
What is the greatest common factor of 25649 and 26?
13
What is the greatest common divisor of 125 and 2639075?
25
Calculate the highest common divisor of 2806 and 46.
46
Calculate the greatest common factor of 64 and 2478976.
64
What is the highest common factor of 299494 and 26?
26
Calculate the greatest common factor of 61 and 128649.
61
What is the highest common factor of 5332 and 688?
172
Calculate the highest common divisor of 160 and 500.
20
Calculate the greatest common factor of 23317 and 7.
7
What is the highest common factor of 2216580 and 80?
20
Calculate the highest common factor of 11176 and 616.
88
Calculate the highest common divisor of 21 and 14560.
7
Calculate the highest common divisor of 26 and 1753622.
26
Calculate the greatest common factor of 744 and 2325.
93
Calculate the greatest common factor of 3417 and 38793.
201
What is the highest common divisor of 244039 and 73?
73
What is the greatest common factor of 28863 and 54?
27
Calculate the highest common factor of 5544 and 17864.
616
What is the highest common factor of 60136 and 24?
8
What is the greatest common factor of 11920 and 49915?
745
What is the highest common divisor of 95845 and 1322?
661
What is the greatest common factor of 134 and 198454?
134
Calculate the greatest common divisor of 1122 and 45870.
66
Calculate the highest common divisor of 2096 and 6208.
16
Calculate the greatest common divisor of 258746 and 318.
106
Calculate the highest common factor of 33 and 12933.
3
Calculate the greatest common factor of 4383 and 963.
9
Calculate the highest common factor of 3264184 and 1848.
616
Calculate the highest common divisor of 7375 and 3.
1
What is the highest common factor of 4432 and 2136?
8
Calculate the highest common factor of 2396549 and 7763.
1109
Calculate the greatest common factor of 20 and 15236.
4
What is the highest common divisor of 257278 and 85?
17
What is the highest common divisor of 10793055 and 35?
35
Calculate the highest common factor of 6887 and 4544.
71
Calculate the highest common divisor of 98 and 1306.
2
What is the greatest common divisor of 29498 and 6517?
343
What is the highest common factor of 2845 and 20?
5
Calculate the highest common factor of 5184 and 352.
32
Calculate the highest common divisor of 1020 and 14820.
60
What is the highest common divisor of 109375 and 3150?
175
What is the highest common factor of 1159108 and 8901?
989
What is the greatest common factor of 3960 and 3420?
180
What is the highest common factor of 18733 and 31889?
143
What is the greatest common factor of 708 and 10752?
12
What is the highest common factor of 1071 and 16660?
119
What is the 